4)/(5/(-20)). Suppose -u = -i*u - 2. Calculate m(u).
2
Let h(s) = 9*s - 5. Let p(j) = -8*j + 4. Let x(m) = 5*h(m) + 6*p(m). Calculate x(1).
-4
Suppose 5*a - y = 2*y + 33, -5*y - 17 = -2*a. Let k(n) = n - 6*n + 1 - n**2 + a*n. Give k(2).
-1
Let v(f) = 5*f**3 - 6*f**2 + 2*f - 7. Let n(a) = 4*a**3 - 6*a**2 + a - 7. Let m(y) = 6*n(y) - 5*v(y). Calculate m(-6).
17
Let l(g) = -2*g - 4*g**2 + 5*g**2 + 0*g - 2 + 2*g**3. Let q = -114 + 112. Give l(q).
-10
Let j = -2 - -5. Let r(s) be the second derivative of -s**4/6 + s**3/2 + s**2 - 11*s. Calculate r(j).
-7
Let u(z) be the first derivative of z**3/3 - 3*z**2/2 - 2*z - 5. Calculate u(5).
8
Let o(y) = y - 5. Let m be o(6). Let d = 3 - m. Let g(z) = -4*z**2 + 4 - z**3 - d*z - 2 + 0. Calculate g(-3).
-1
Let d = 14 - 17. Let x(f) = -f - 3. Calculate x(d).
0
Let p(t) = -11*t**3 - 5*t**2 - 14*t + 4. Let x(f) = -5*f**3 - 3*f**2 - 7*f + 2. Let v(l) = 4*p(l) - 9*x(l). Let o be 32/(-5) - (-2)/5. Give v(o).
-8
Let s(u) = -2*u + 5*u - u - 1. Suppose 4*i - c = c + 24, i = -4*c - 12. Calculate s(i).
7
Let r(v) = v**2 + 2*v + 4. Let n be r(-2). Let k be -2 + 2 + 2 + n. Let a(z) be the second derivative of -z**5/20 + 7*z**4/12 - z**3 + 3*z**2/2 + z. Give a(k).
3
Let b(n) be the third derivative of -n**6/360 - n**5/120 + n**3 + 8*n**2. Let a(j) be the first derivative of b(j). Let g be (2/(-2))/(1 + 0). Give a(g).
0
Let m(b) = b - 4. Let o = -19 - -44. Suppose o - 1 = 6*f. What is m(f)?
0
Let b(g) be the third derivative of -g**5/12 + g**4/12 + g**3/6 + 11*g**2. Determine b(-1).
-6
Suppose 3*t = 3*k + 2*t - 1, -4*k = -t - 1. Let n(h) = h**3 + h + 5. Determine n(k).
5
Let p(m) = -2*m**2 - 2*m + 2. Let q = -4 + 11. Suppose q*x - 12*x = 10. Give p(x).
-2
Let l(m) be the second derivative of -m**5/20 + m**4/12 - m**3/6 - m**2/2 - 18*m. Give l(3).
-22
Let n(p) be the third derivative of p**7/840 + p**6/90 - p**5/20 + 5*p**4/24 + p**3/3 + 3*p**2. Let c(j) be the first derivative of n(j). What is c(-5)?
10
Suppose 0 = 3*x + 4 - 10. Let y(c) = x*c**2 + 3*c**3 - c**2 - 2 + 2. Calculate y(1).
4
Let x(p) = -p - 6. Let t(j) = 1. Let m(d) = -5*t(d) + x(d). Give m(-9).
-2
Let w(m) = -5*m - 2. Let j be (-16 + 13)*(-10)/6. Let i = 9 - 5. Suppose i*r = 6*q - 7*q - 9, j*r - q = -9. Calculate w(r).
8
Let q(d) be the first derivative of -d**4/12 + d**2 + 8*d + 8. Let m(t) be the first derivative of q(t). What is m(0)?
2
Let j(b) = 7*b + 10. Let f(x) = -15*x - 21. Let l(i) = -6*f(i) - 13*j(i). Determine l(-3).
-1
Let p(w) be the second derivative of -1/2*w**2 - 1/6*w**3 - 4*w + 0. Determine p(-7).
6
Let w(a) = -3*a + 1. Let o(t) be the second derivative of 7*t**3/3 - 5*t**2/2 + 3*t. Let f(z) = -2*o(z) - 11*w(z). What is f(-1)?
-6
Let d(g) be the second derivative of g**3/6 - 3*g**2/2 + 8*g. Determine d(-3).
-6
Let v(k) = -k - 13. Let a(z) = -z**2 + 10*z - 16. Let s be a(8). Suppose s*q - 6 = q. Determine v(q).
-7
Let l = 3 + -2. Suppose -4*i + 5 = -19. Let h(u) = u**3 - u**2 + 1. Let v(n) = 4*n**3 - 5*n**2 - n + 7. Let b(p) = i*h(p) - v(p). Give b(l).
1
Let o(v) = -2*v**3 - v**2 - v - 1. Let k be o(-1). Let c(l) = -3 - k + l**2 - l + 5*l. What is c(-4)?
-4
Let k(t) = 2*t - 4. Let w = -117 + 122. Calculate k(w).
6
Suppose -4*r + 6 = -5*t - 2, -r - t - 7 = 0. Let h(k) = k**2 - k - 4. Determine h(r).
8
Let u be 6/4*-2*1. Let q(f) = -f**2 - f + 4. Let w be q(u). Let s(h) = 2*h**2 + 2*h + 2. Calculate s(w).
6
Let b = -9 + 4. Let g(m) be the second derivative of -m**3/6 - 5*m**2 - 14*m. Determine g(b).
-5
Let s(g) = -g**3 + 3*g**2 - 2*g + 4. Let t be ((1 - 0)*-1)/1. Let h(j) = 21*j**2 - 2*j - 1. Let z be h(t). Suppose -5*o = -n - z, 2*o = o + 5. Determine s(n).
-2
Let i(t) = -t**3 + 4*t**2 + 4*t - 3. Let l(u) = 3*u - 52. Let c be l(19). Determine i(c).
-8
Suppose 3*k - 5*n + 0 + 1 = 0, -2*k + n = 3. Let g(p) = p**3 + 2*p**2 + 2*p. Calculate g(k).
-4
Let t(n) = -2*n - 7. Suppose 0 = 4*l + 29 - 5. What is t(l)?
5
Suppose m - 1 = 1. Suppose -i = -r + 7, 0 = -m*r - i + 20 - 9. Let l(n) = n - 2. Calculate l(r).
4
Let w = 30 + -26. Let v(c) be the third derivative of c**6/240 - c**5/30 - c**4/12 + 2*c**2. Let l(d) be the second derivative of v(d). Give l(w).
8
Let h(l) = l**2 + 7*l + 6. Let q = 17 + -23. Give h(q).
0
Let k(m) = m**3 + 4*m**2 - 6*m - 1. Let x be k(-5). Suppose r + x*r - 10 = 0. Suppose -d = -4*j, d - 3 = -j + r*d. Let y(t) = -10*t**3 + t**2. Give y(j).
11
Let r(u) = 2*u**2 - 2*u. Let c be (6 - (5 + -2)) + -1. Calculate r(c).
4
Suppose 4*u - 2*u = k - 2, 5*k - 21 = -u. Let a(i) = i**3 - 4*i**2 - 4. Determine a(k).
-4
Let y(g) = 2*g + 2. Let q be y(-2). Let o(f) = -9*f**2 + 6*f - 9. Let s(i) = -2*i + 3 - 4*i + 2 + 5*i**2 + 3*i. Let z(v) = 6*o(v) + 11*s(v). Give z(q).
-1
Let b(y) be the second derivative of y**3/6 + 5*y**2 - 4*y. Determine b(-7).
3
Let o(u) = 3*u + 1. Let i(r) = 3*r + 1. Let k(z) = -4*i(z) + 5*o(z). Give k(3).
10
Let k be (-1 - 1)/1 - -3. Suppose -2*n = 4*s, 2*s - 4*s = -5*n + 12. Let w(x) = -5 + n - 5*x + 3 - 1. Determine w(k).
-6
Let m(i) = 6*i - 1. Let f = 8 - 4. Suppose 0*r = -r + f. Suppose 3*c + 7 = r. Calculate m(c).
-7
Let o(f) = -3*f + 4. Let h(p) = -5*p + 6. Let r(s) = -5*h(s) + 8*o(s). Give r(-2).
0
Let t(a) = a - 7 - 4 - 6 + 24. What is t(-4)?
3
Suppose 12 = 2*t - 0*t. Suppose -r = r + t. Let d(k) = 3*k. Calculate d(r).
-9
Suppose -2*c = 0, 4*c + c = 4*t - 20. Let i = t - 9. Let q(w) = -1 + 7*w - 4*w - 2*w. Determine q(i).
-5
Suppose -36 = -33*k - 234. Let s(u) be the second derivative of u**4/12 + 2*u**3/3 - 2*u**2 - u. Determine s(k).
8
Suppose 3*y - 5*z = -15, -2*y - 4*z + 6 = -2*z. Let p(c) = 1 - 2 + 0 - 6*c**2 + y - c. What is p(-1)?
-6
Let y(b) be the third derivative of b**6/120 - b**5/60 + b**3/6 + 2*b**2. Suppose 2 + 2 = 2*j. What is y(j)?
5
Let o(l) = -l + 2. Let x(g) = -g**3 + g**2 - 3*g + 6. Let t be x(2). What is o(t)?
6
Let f(j) be the first derivative of -1/2*j**2 - 1/6*j**3 + 0*j - 1/120*j**6 - 1/12*j**5 + 1 - 1/6*j**4. Let l(r) be the second derivative of f(r). Give l(-3).
-7
Suppose -2*g = g + 6. Let t(z) = 4*z - 4 + 8 + z - 2. Give t(g).
-8
Let u(c) = -c**3 + 5*c**2 - 3*c - 4. Let o(v) = -v**2 - 8*v + 3. Suppose -k = 0, 5*h + 5*k + 9 = -31. Let b be o(h). Determine u(b).
5
Let t(v) = -v**2 - 8*v - 6. Let k(b) = b**3 + 9*b**2 + 7*b - 10. Let p be k(-7). Suppose 3*z + 0*z = p. Suppose 3*n - z = 4*l - 3*l, 3 = n. Calculate t(l).
10
Let x = 4 + -3. Let n be (-1 + 5)*(-3)/(-4). Let h(m) = -x + m**2 - n*m + 2*m - 3*m - 1. Give h(4).
-2
Let n be 5/(-35) - (-16)/14. Let x(o) = -2*o**3 - o**2 + 2*o - 1. Determine x(n).
-2
Let k(t) = t**2 + t - 2. Let h be k(-2). Let u be (h + 1 + 3)/2. Let b(q) = -q - 2. Let g(m) = m + 2. Let a(v) = -6*b(v) - 7*g(v). Calculate a(u).
-4
Suppose -10*a + 13*a - 6 = 0. Let j(x) = x**3 - 3*x**2 + 4*x - 2. What is j(a)?
2
Suppose 3*m + 59 = 2. Let k = 15 + m. Let a(t) = -t - 5. What is a(k)?
-1
Let f(z) = -4*z. Let d(y) = -3*y. Let v = 10 - 1. Let s = v + -6. Let c(n) = s*d(n) - 2*f(n). Determine c(1).
-1
Let d = 561/20 + -28. Let g(m) be the second derivative of -1/3*m**4 + 0 - 3/2*m**2 - 2/3*m**3 + 2*m - d*m**5. What is g(-2)?
-3
Let v(b) be the second derivative of b**4/12 - 2*b**3/3 + b**2 + 4*b. Give v(6).
14
Let z(w) = -2*w - 4. Let o be 8/(-44) - (-295)/(-11). Let f be (1 - -4)*o/(-45). Give z(f).
-10
Let i(m) be the third derivative of m**4/24 + m**3/6 + m**2. Suppose 10 = 5*p - 5. What is i(p)?
4
Let v(c) = -c**2 - 2. Let o be v(2). Let y = -10 - o. Let x(s) = s**2 + 2*s + 1. Give x(y).
9
Suppose 5*g - 4*r = r - 35, 22 = -4*g + r. Let x(n) be the third derivative of 0*n - 1/12*n**5 + 6*n**2 + 0 + 1/3*n**3 + 1/12*n**4 - 1/120*n**6. Calculate x(g).
-8
Let h(y) = 3*y**3 + 5*y**2 - 18*y - 23. Let z(o) = o**3 + 2*o**2 - 6*o - 8. Let b(m) = -6*h(m) + 17*z(m). Determine b(5).
7
Let j be ((-1)/(-3))/(9/162). Let p(y) = -y + 8. Give p(j).
2
Let n(v) = v - 28. Let x(o) = 9. Let l(c) = -2*n(c) - 7*x(c). Let u = 14 - 20. What is l(u)?
5
Suppose 0 = 4*k - 4 - 8. Let w(q) = -1 - q**3 - 4*q**2 + 3*q**k + 3*q - 2*q**3 + q**3. Suppose 3*y + 3 = 0, 2*r + 2*r + 2*y = 14. Calculate w(r).
11
Let n(m) = m + 1. Let a be n(9). Suppose -y - 2*f = f - 14, -f + a = -5*y. Let q(t) = 11*t**3 + t**2 - t - 1. Determine q(y).
-10
Let g(a) = 7*a**3 + a**2. Suppose z = -z + 12. Let f be 1/(1*